r = -1, 0 = -m + 2*m + 4*r. What are the prime factors of -46*m/((-12)/(-3))?
2, 23
Suppose 0 = -5*d - m + 13, 4*d + d = 4*m + 23. Suppose c - d = 3. Suppose -f = -c + 1, 3*w = f + 91. List the prime factors of w.
2
Let d = 425 + -69. Let m = d - 112. List the prime factors of m.
2, 61
Let u be 2/8 - (-228)/48. Suppose 2*i + 5*d = 248, -i + 4*i - u*d - 422 = 0. What are the prime factors of i?
2, 67
Suppose -22*c + 29*c - 567 = 0. What are the prime factors of c?
3
Suppose 2*i + 46 = 4*l, l - 4*i + 8 = 3*l. Let q = -96 - -97. Suppose 0 = v + q - l. List the prime factors of v.
3
Suppose -16*c + 108 = -12*c. What are the prime factors of 556/18 - (-3)/c?
31
Suppose -2*a - 10 = -y + 3*a, 2*a = 0. Suppose y*l - 303 = 7*l. List the prime factors of l.
101
Let a(u) = -u**2 + 3*u + 9. Let o = 20 - 15. Let c be a(o). Let g(t) = 20*t**2 + 1. What are the prime factors of g(c)?
3, 7
Let z(m) = -m**2 + 2*m + 12. Let v be z(4). Let p(n) = -n**2 + 5*n - 8. Let q be p(7). List the prime factors of ((-8)/4)/(v/q).
11
Let m be ((-30)/9)/((-4)/162). Suppose -5*s + m = -175. What are the prime factors of s?
2, 31
Let o = 235 - 35. Suppose 4*n + 18 - 160 = -v, 5*v + 5*n - 725 = 0. Suppose -4*q = 5*t - o, 3*t - v + 26 = 5*q. What are the prime factors of t?
2, 5
Let q(d) = -4*d**3 + 6*d**2 - 4*d - 3. What are the prime factors of q(-5)?
23, 29
Let s(n) be the third derivative of -n**4/12 - 7*n**3/6 + 4*n**2. Let j be s(-11). Let g = j - 12. What are the prime factors of g?
3
Let w = 743 + -398. Suppose -8*t + 3*t + w = 0. Suppose t + 36 = 5*v. What are the prime factors of v?
3, 7
Suppose -110*x + 108*x + 5634 = 0. What are the prime factors of x?
3, 313
Suppose 837 = 3*l + 4*d + 178, -3*d = 4*l - 874. List the prime factors of l.
7, 31
Suppose 3*j + 3*q = 18, 12*q - 13*q = -5*j + 6. Let g(h) = 36*h**3 + 3*h**2 - 5*h + 1. What are the prime factors of g(j)?
3, 97
Suppose 2*o - 3*h - 474 = -o, -2*o + 318 = -4*h. Let q = o - 697. What are the prime factors of (12/(-15))/(8/q)?
2, 3
List the prime factors of 3/(-6)*4 + 2273 + -12.
3, 251
Let w = 77 - -334. Suppose 4*z = z + w. List the prime factors of z.
137
Suppose -9*n = -3*n - 48. Suppose -4*p = y - n, -2*y - 2*p = y - 14. What are the prime factors of (129/6)/(2/y)?
43
Let a(f) = f**3 + 10*f**2 + 7*f + 12. Let g(o) = o**3 - 12*o**2 + 11*o - 8. Let d be g(11). What are the prime factors of a(d)?
2, 3, 7
Let u(f) = 2*f + 27. Let z be u(-18). Let r = 7 + 5. Let l = r + z. List the prime factors of l.
3
Suppose 2*y = -2*v - 3630 + 11556, 15852 = 4*v - 4*y. What are the prime factors of v?
3, 1321
Suppose 5 + 3 = 2*v. Suppose k + v*y = 6, -5*k + 4*y + 0*y = -30. What are the prime factors of k?
2, 3
Let i be (-2)/(-2) - (-8)/(-9 - -7). List the prime factors of 3 + -1 + 277/i*-3.
3, 31
Let s(t) = -65*t**2 + 17*t + 5. Let d(c) = -22*c**2 + 6*c + 2. Let x(a) = 8*d(a) - 3*s(a). List the prime factors of x(2).
71
Suppose 6*y - y - 30 = 0. Suppose 0 = -y*a + 147 + 81. List the prime factors of a.
2, 19
Suppose -3*l - h = h - 3089, 3*l = -3*h + 3093. What are the prime factors of l?
13, 79
Suppose 0 = -46*x + 32*x + 70. Suppose -2*d = -63 - 81. Suppose -n + x*n = d. What are the prime factors of n?
2, 3
Let j be 1/(((-27)/30)/9). Let n(t) = -t**3 - 10*t**2 - 12*t + 20. List the prime factors of n(j).
2, 5, 7
Suppose o = 5*y - 4, -3*o - y = 2*o - 84. Let q = o + -12. Suppose -q*w + 0*w = -40. What are the prime factors of w?
2, 5
Let b(j) = -5*j + 259. What are the prime factors of b(-24)?
379
Let k(s) = -8*s**2 + 8*s**2 + 3 - 1 + 2*s**3. Let m be k(2). Let a = m - 14. What are the prime factors of a?
2
Let k = 1051 - 376. Suppose -199 = 4*j - k. List the prime factors of j.
7, 17
Let m(b) = -2*b. Let v(k) = -k**3 - 6*k**2 - k - 3. Let q be v(-6). Let y be m(q). What are the prime factors of 25/2 - (-3)/y?
2, 3
Suppose -t = 2*l - 285, 3*t + l - 855 = -0*l. Suppose t = -78*z + 81*z. What are the prime factors of z?
5, 19
Let v(k) = 55*k**2 - 26*k + 5. What are the prime factors of v(6)?
31, 59
Suppose 15 = -8*i + 3*i, -i - 2934 = -3*c. List the prime factors of c.
977
Let y = 684 - 382. What are the prime factors of y?
2, 151
Let i = -1587 + 4272. What are the prime factors of i?
3, 5, 179
Let r(w) = w**3 - 4*w + 112. What are the prime factors of r(10)?
2, 67
Let f(x) = 5*x**2 + 21*x**3 + 2 + 6*x - 2*x - 22*x**3 + 2*x**2. Let h be f(7). Suppose 0 = -4*a + 5*n + 124 + h, -2*a = -4*n - 80. List the prime factors of a.
2, 3
Let g(k) = 2*k + 20. Let q(v) = -v - 10. Let h(m) = -6*g(m) - 11*q(m). Let c be h(-6). What are the prime factors of 6*5 - (c + 5)?
29
Let n = 272 + -141. What are the prime factors of n?
131
Suppose -21*q + 25*q = 8. Suppose -12*b + 1090 = -q*b. List the prime factors of b.
109
Let t = -1 + 0. Let m be (-3)/12 + t/(-4). Let a(r) = r**3 + r + 32. List the prime factors of a(m).
2
Suppose 6*k + 46 - 166 = 0. Let f = -17 + k. Suppose -7 = -f*m + 212. What are the prime factors of m?
73
Let q(c) = -41*c**2 + 82*c**2 - 6 - 3*c - 37*c**2. What are the prime factors of q(7)?
13
Suppose 1370 = 4*g - g - b, 2*b + 10 = 0. List the prime factors of g.
5, 7, 13
Let l be (1424/40)/((-2)/(-20)). Suppose -l = -4*t - 0*t. Suppose 5*i + t = 254. What are the prime factors of i?
3, 11
Let f(w) be the first derivative of -w**4/4 + 4*w**3/3 - 3*w + 8. Let g be f(3). Suppose -g*l = -289 + 103. What are the prime factors of l?
31
Let v(f) = -f**2 + 3*f - 1. Let k be v(2). Let t(y) = -y - y + 2*y - k - y. List the prime factors of t(-7).
2, 3
Let c = 13 + -17. Let u be 150/(-20) - 2/c. Let p(g) = -g**2 - 10*g + 10. List the prime factors of p(u).
31
Let j(v) = v**2 + 7*v + 13. Let f(w) = -8*w**2 + w. Let g = -14 + 13. Let y be f(g). List the prime factors of j(y).
31
Let i be (-3 + 25)/(-3*(-2)/36). Let t = i + -60. List the prime factors of t.
2, 3
List the prime factors of (-9)/(4 - ((-2852)/(-568) - 1)).
2, 3, 71
Suppose -3*w = -3*g - 0*g - 5358, -4*w + 7129 = g. List the prime factors of w.
1783
Let b be 7623/14 - (-12)/(-8). Suppose -4*t + 432 = -3*c, -2*t + 3*c + b = 3*t. List the prime factors of t.
3, 37
Let g = 1 + 1. Suppose -147 = -g*l - l. What are the prime factors of l?
7
Let h = -3 + 3. Let a(w) = -9 - w - 11 + 23. What are the prime factors of a(h)?
3
What are the prime factors of (-8)/(-16)*-10*-157?
5, 157
Suppose 7*b + 5432 = 21182. List the prime factors of b.
2, 3, 5
Suppose 7*t = 11*t - 28. Let i(p) = -p**3 + 8*p - 4 + 4 + 6*p**2. List the prime factors of i(t).
7
Let p(n) = n. Let v be p(12). Suppose 0 = 3*q - v, -3*o = -q + 2*q - 10. Let u = o + 5. What are the prime factors of u?
7
Let u(p) = 46*p**2 - 5*p + 8. Let b(v) = -13*v - 24. Let i be b(-2). What are the prime factors of u(i)?
2, 7, 13
Let v(b) = 2*b**2 + 3*b - 68. List the prime factors of v(14).
2, 3, 61
Let f be (-101)/7 - 24/(-56). Let p be 4/f + (-92)/(-28). What are the prime factors of p + -3 + (6 - 4)?
2
Suppose -4*z = -2 + 46. Let m = z + -49. Let x = -40 - m. What are the prime factors of x?
2, 5
Suppose 25 = -3*t + 3*c + 2*c, c - 5 = 2*t. Suppose 0*b - 3*b = t. Suppose 5*m = 4*n + 30, b = -0*m - 5*m + 2*n + 30. List the prime factors of m.
2, 3
List the prime factors of (-20)/2*(-24)/((-192)/(-700)).
5, 7
Let z = -99 + 108. Suppose -z*w + 150 = -8*w. What are the prime factors of w?
2, 3, 5
What are the prime factors of 839 + 16/2 - 0?
7, 11
What are the prime factors of 2/(-20) + 38702/20?
3, 5, 43
Let d(g) be the first derivative of -g**3/3 + 13*g**2/2 + 16*g - 2. Let r be d(14). Suppose -29 = -3*o - r. List the prime factors of o.
3
Let f(b) = 2*b**2 + 5*b + 36. What are the prime factors of f(-15)?
3, 137
Suppose 5*v + 5*u = 3990, 0 = -12*v + 11*v + 3*u + 778. What are the prime factors of v?
13, 61
Let f = -14 - -16. Suppose f*v = -3*v + 30. Suppose -v*j + 168 + 30 = 0. List the prime factors of j.
3, 11
Suppose 4*k + 4*i + 10 + 2 = 0, 0 = 2*k + 4*i + 4. Let x = k + 38. Let d = x - 9. List the prime factors of d.
5
Suppose -k + 4*k - l = 1, 5*k = 4*l + 11. Let a(o) be the first derivative of -41*o**4/4 - o**2/2 - 3. List the prime factors of a(k).
2, 3, 7
Suppose 6*p - 2*p - 100 = 0. Let g = p - 15. List the prime factors of (-68)/(-5) + g/25.
2, 7
Suppose -2*m - 2*m = 144. Let r be 9*(-4)/(-12) + m. Let k = r + 64. What ar